est common factor of s and p?
24
Let d = -10405 + 19792. What is the highest common divisor of 63 and d?
63
Suppose -22878 = -214*j + 108970 + 58612. Calculate the highest common factor of j and 2492.
178
Suppose 0 = 50*v - 49*v + 4*h - 250, 0 = 3*v + 4*h - 742. Calculate the highest common factor of v and 18.
6
Let a be (-5 + -1 - -368)*(-45)/(-30) - -10. Let g = 5 - -2. Calculate the greatest common factor of g and a.
7
Let p(w) = -25*w**3 - 3*w**2 - 23*w - 79. Let g be p(-3). Calculate the greatest common factor of g and 33.
11
Suppose -5*x + 4*p = 5*p - 12, p - 6 = -2*x. Suppose -x*y = -14 - 6. Suppose -2*f + 18 = 10, -4*u = 2*f - 16. Calculate the greatest common factor of y and u.
2
Suppose -4*y - 5*q = -22 - 2413, 0 = y + 10*q - 565. Calculate the greatest common factor of y and 105.
15
Let t be (0/(-1))/((-11)/(-11)). Suppose t = -4*l - 4, l = 3*g + 2*l - 101. Calculate the greatest common factor of 85 and g.
17
Let j be 20514/70 - 52/(-65) - 5/(-35). What is the highest common factor of j and 120?
6
Let q(u) = 221*u + 392. Let z be q(14). Calculate the greatest common factor of z and 332.
166
Suppose 2*y + 946 = 4*q, -1177 = -23*q + 18*q - 3*y. What is the greatest common factor of 590 and q?
118
Suppose -3*f = -4*b + 280, -b - f = 2*b - 197. Suppose -5*z - w = -999, 8*z - 3*w - 125 - 1501 = 0. Calculate the highest common factor of z and b.
67
Suppose 7042*i + 342 = 3*x + 7044*i, -3*x = 3*i - 357. Let h be (-188)/(-6) - 2/(-3). Calculate the greatest common divisor of x and h.
8
Suppose 16244 = -91*y + 18246. Calculate the highest common factor of y and 32714.
22
Let s = 12350 + -8580. What is the greatest common divisor of 390 and s?
130
Let q be 9 - (7 - 26/2). Let p = 194 - 59. Calculate the greatest common divisor of q and p.
15
Suppose 0 = -7*g - 3*g - 150. Let o be 5/(-25) - (-402)/g. Let t = o + 39. Calculate the greatest common divisor of 108 and t.
12
Let x = 21 - 18. Let g be ((-18)/12)/(x/(-60)) - 1. Let r = g + 9. What is the greatest common factor of 38 and r?
38
Suppose r - 484 = 79*g - 74*g, -g = 2*r - 1100. Let p be (0 - (0 - 1)) + 95. Calculate the greatest common divisor of p and r.
32
Let x be 170 + 1 - (0 - (-1)/(-1)). Suppose -77 = -173*l + x*l. Calculate the highest common factor of l and 22.
11
Suppose -4*k = 0, z + z - 8 = 4*k. Suppose 13*x = -61 - z. Let v = 74 + x. What is the greatest common factor of 46 and v?
23
Let q = 8179 - 8151. Calculate the greatest common factor of q and 116.
4
Let w be (-45)/1530 + (-15240)/(-272). Calculate the highest common divisor of 30 and w.
2
Suppose 0 = 2*z + 2, 2*d + 5*z = 5 + 230. Calculate the highest common divisor of d and 270.
30
Suppose 208 = -65*m + 78*m - 689. What is the greatest common factor of m and 2024?
23
Suppose -62*s + 26*s - 276 - 336 = 0. Let u(g) = -34 + 2*g - 5*g - 8. Let t be u(s). What is the greatest common factor of t and 63?
9
Let w = -9129 + 9447. Calculate the highest common factor of 18 and w.
6
Suppose g - 2*h = 5, 4*h + 0*h = -5*g + 95. Suppose 5*a + 2*y - g = 53, -3*y + 12 = 0. What is the highest common factor of 192 and a?
12
Let m(u) = -42*u + 45. Let j be m(1). Let p(k) = 2*k - 823 + 826 + k**2 - 2*k. Let c be p(0). Calculate the highest common divisor of c and j.
3
Suppose m + 4*s - 117 = 0, 544 = 29*m - 25*m - 3*s. What is the greatest common divisor of 448 and m?
7
Let u be 1/((-4)/(-920))*(-35)/(-70). What is the greatest common divisor of u and 265?
5
Let q be (-208)/(12/18 + 5/(-3)). Let s = 306 - q. What is the greatest common divisor of s and 28?
14
Suppose 0*f = f - 90. Let q(g) = -2*g + 26. Let a be q(10). Suppose a*w - 240 = -6*w. What is the greatest common factor of f and w?
10
Let h = 422 + -418. Suppose -3*m + 3*g = -45, h*m - 7*g = -2*g + 65. Calculate the greatest common divisor of 8 and m.
2
Suppose 3*w - 113 = -2*r - 7, r - 54 = -w. What is the highest common divisor of 196 and r?
28
Let m be (0 + (-16)/3)*-33. Let t(i) = -i - 14*i**3 + 5*i**3 + 11 + 10*i**3 + 5*i**2. Let u be t(-5). Calculate the highest common factor of u and m.
16
Let i = 835 + -435. Let z be (150/55)/(33/605). What is the greatest common factor of z and i?
50
Let q(n) = -7*n**2 - 5*n + 11. Let i be q(-5). Let s = i + 162. Let r(l) = -5*l - 7. Let v be r(-6). Calculate the highest common factor of s and v.
23
Suppose 2*o + 3*c - 250 = 0, 170 = 4*o - 4*c - 330. Let f = 115533 + -115308. Calculate the greatest common factor of f and o.
25
Suppose -149*n + 216*n - 823 - 1187 = 0. Suppose 0 = -3*r + 6 + 24. Let i = r + n. Calculate the greatest common factor of 24 and i.
8
Suppose -4*o + 2*s + s + 777 = 0, -15 = -3*s. Suppose -54*y + 53*y + 66 = 0. Calculate the highest common factor of o and y.
66
Suppose -18*j + 16 = -110. Let k be 2/(-8) + (0 - 243/(-12)). Let x = k + 22. Calculate the greatest common divisor of j and x.
7
Suppose -670 = -3*w + r, 5*w = 4*r - 9*r + 1150. Let u be ((-312)/(-54) - 6) + (-1628)/(-36). What is the greatest common divisor of w and u?
45
Let s be 27/(1 - (-9)/(-12)). Let m be 3/4*8/(-9)*-18. Calculate the greatest common divisor of m and s.
12
Let z(a) be the first derivative of a**4/4 + 17*a**3/3 - a**2/2 - 2*a - 249. Let i be z(-17). Calculate the greatest common factor of i and 405.
15
Let u(v) = -v**3 - 4*v**2 + 47*v + 35. Suppose 0*m - 2 = 2*p - 4*m, 0 = -3*m - 12. Let s be u(p). What is the highest common divisor of 272 and s?
17
Let v(b) = -b**2 + 28*b - 69. Let z be v(25). Let j(w) = -19*w + 4. Let s be j(4). Let g be (2*1)/((-16)/s). Calculate the greatest common factor of z and g.
3
Let r be (4/6)/(30/2655). Let x = -16 + r. Suppose -161 = -5*l - 176, -3*m + 906 = -l. What is the highest common divisor of x and m?
43
Suppose -134*h + 1274 = -127*h. What is the greatest common factor of h and 42?
14
Let w(c) = 60*c**2 + 35*c - 8. Let g be w(-4). What is the greatest common factor of g and 28?
28
Let l be ((-38)/20 + (-3)/5)*5852/(-35). Calculate the greatest common factor of l and 242.
22
Let u(i) = i**2 + 10*i - 48. Let n be u(-14). Let s = -72 - -292. Suppose 13*p = n*p + s. Calculate the highest common divisor of p and 11.
11
Let y be (-8866)/279 + (-2)/9. Let r be (-8)/(-10) - 1 - (-48)/(-60). Let z be (y/r)/(2/10). What is the greatest common factor of 40 and z?
40
Let b = -112 + 152. Suppose 5*g = i - b, 3*i + 19 = 4. Let v(z) = -z**3 - 7*z**2 + 12*z + 14. Let f be v(g). What is the highest common divisor of 170 and f?
34
Suppose 0 = 7*d - 0*d - 392. Suppose 2*f = 4*f - 48. What is the greatest common factor of d and f?
8
Let a be (72/168)/(9/441). Calculate the greatest common divisor of a and 6153.
21
Let m be 2398/(-121) + 2/(-11). Let r be ((3450/m)/(-23))/((-3)/(-8)). Calculate the greatest common factor of r and 1060.
20
Let m be (1 - (-4068)/16) + 27/36. Let z be -16*(-7)/((-7)/(-4)). What is the greatest common divisor of z and m?
64
Let i = -718 - -1192. Let l(t) = -t**3 - 6*t**2 + 20*t - 57. Let c be l(-9). What is the greatest common factor of c and i?
6
Suppose 3*j + 2 = -4*f, 0*j - j + 10 = -4*f. Let y be (1/(-1))/(j/(-156)). What is the highest common divisor of y and 546?
78
Suppose 0 = -165*o + 1871 + 3571 + 8748. What is the highest common factor of 817 and o?
43
Let a = -45 + 95. Suppose 4*u - 255 = -q + 4, 4*q - 4*u - 1116 = 0. What is the greatest common factor of a and q?
25
Suppose -4*s - s + 136 = 3*s. Let a(w) = 10*w**2 - 4*w - 6. Let n be a(-4). Calculate the highest common factor of n and s.
17
Let q(m) = 67*m - 176. Let z be q(3). Let b(w) = w**2 - 23*w - 4. Let k be b(z). What is the greatest common factor of 6 and k?
2
Suppose 2*s = -3*s + 25. Let z be (-2)/(-3)*6/4*3. Suppose 141 = s*a + y, -z*a = -8*y + 3*y - 107. What is the greatest common divisor of 29 and a?
29
Let u(x) = 47*x**2 - 5251*x - 112. Let o be u(112). What is the highest common divisor of o and 315?
21
Let z = 225 - 141. Suppose 11*i = 1619 + 1747. Let w = 318 - i. Calculate the greatest common divisor of w and z.
12
Let r be 0 + -8 - 13068/(-36). Let q = -342 + r. Let d(f) = -51*f + 1. Let u be d(-1). Calculate the highest common divisor of u and q.
13
Suppose 0 = -3*h + 3*s - 126, 4*h + 204 = -10*s + 5*s. Let g = -104 - h. Let o be 4/((2/g)/(-1)). Calculate the greatest common factor of o and 29.
29
Suppo